106035. What is the hundreds digit of y?
0
Suppose -19*o + 52*o = 99231. Let c = -1696 + o. What is the tens digit of c?
1
Let k = 155269 - 109419. What is the ten thousands digit of k?
4
Let c be (-1 + (-30)/5)*-1. Suppose -42 = -0*z + c*z. Let t(v) = -15*v - 17. What is the units digit of t(z)?
3
Suppose -11*o + 9*o + 101484 = -3*q, -2*o + 4*q + 101488 = 0. What is the ten thousands digit of o?
5
What is the ten thousands digit of -7 + 6 - -17758 - -14?
1
Suppose -3*r = 25 + 254. Let s = r - -343. What is the tens digit of s?
5
What is the thousands digit of (-9)/7 + 14930352/378?
9
Let r = 1938 + 3911. What is the tens digit of r?
4
Let x(z) = -210 + 0*z**2 + 2*z**2 + 14*z + 216 - 2*z**3. What is the tens digit of x(-6)?
2
Suppose 3*w - 4225 = -5*z + 2*w, 0 = 3*z - 5*w - 2563. Let p = z + -346. What is the hundreds digit of p?
5
What is the units digit of (-570)/(9 + -7)*65/(-15)?
5
Let t = -10956 - -27040. What is the hundreds digit of t?
0
Let u(h) = 2*h**3 - 43*h**2 - 21*h + 2. Let z be u(22). Suppose 4*x + 132 = z. Let j = x - -77. What is the units digit of j?
0
Let b(i) = i**2 + 16*i + 42. Let y be b(-13). Suppose 4*j - 665 = -y*j. Suppose j = 3*d - 109. What is the units digit of d?
8
Suppose -3*x + 511 = -5*m, x - 5*m - 167 = -0. Suppose -5*g = -4*b + 37, 2*g + 3*g + 31 = 2*b. Suppose v = -b*v + x. What is the units digit of v?
3
What is the hundreds digit of 26/(-65) + (-1168122)/(-30)?
9
Let h = 22207 + -11061. What is the ten thousands digit of h?
1
Let p(r) = -r - 2. Let o be p(-4). Let a be 4 - (-4 + 8) - o. Let w(j) = -116*j - 11. What is the tens digit of w(a)?
2
Suppose -3*f - 7 - 23 = 0. Let d be ((-85)/f)/(-2*(-3)/12). Suppose -d*c = -25*c + 800. What is the units digit of c?
0
Suppose 6*j + 21393 = 3*t + 3*j, -2*t - 3*j + 14247 = 0. Suppose -5*d = -3*h - t, 13*d - 2860 = 11*d - h. What is the thousands digit of d?
1
Let c(y) = -37*y**3 - 117*y**2 + y - 36. What is the thousands digit of c(-8)?
1
Let y be (3 + 1/2)*40. Suppose 0 = -4*i + 3*x - 112, 2*x - 4*x - y = 5*i. Let b = i + 63. What is the units digit of b?
5
Let s(i) = -i**3 - 9*i**2 - 12*i - 10. Let r be s(-8). Let b = r - -69. What is the units digit of b?
1
Let j(m) = 58*m**2 + 13*m - 41. Let o be j(5). Let l = o - 946. What is the units digit of l?
8
Suppose 36*w - 2547330 = -954942. What is the tens digit of w?
3
Let u be (-72)/(-28) + 92/(-161). Suppose 15 = -5*y, -2091 = -u*j - 7*y + 12*y. What is the tens digit of j?
3
Suppose -r - 6*z + 3*z - 161 = 0, -4*z + 444 = -3*r. Let f = r + 337. What is the hundreds digit of f?
1
What is the hundreds digit of (-6476)/(-7)*994/284?
2
What is the tens digit of (-12)/16 - 137046/(-104)?
1
Suppose -2*c - 59943 = -3*f, 100*f - 3*c = 104*f - 79941. What is the units digit of f?
3
Let b = -10285 - -11968. What is the thousands digit of b?
1
Suppose 2*n + 4*o = 2*o + 600, 0 = 2*n - 3*o - 620. Suppose 0 = 3*z - x + 279, 3*x - 209 = -2*z - 417. Let w = z + n. What is the tens digit of w?
0
Let k(c) = 243*c**2 - 6*c + 463. What is the tens digit of k(10)?
0
Let o be (-15)/6*132/(-110). Suppose 3*k + 2*n = 900, -o*k + 900 = -14*n + 17*n. What is the hundreds digit of k?
3
Let x(m) be the second derivative of -m**4/12 - 7*m**3/3 - 7*m**2/2 - 13*m. Let q be x(-14). Let o(d) = 4*d**2 + 9*d + 8. What is the tens digit of o(q)?
4
Suppose 4*r = 3*r. Suppose -f - 5*f + 12 = r. Suppose 0*a - 4*a = -k - 11, 2*a = -f*k - 2. What is the units digit of a?
2
What is the tens digit of 18/(-4)*(17642/(-15))/(206/1030)?
6
Let x(v) = -v**3 - 15*v**2 - 44*v - 62. What is the thousands digit of x(-17)?
1
Let n(d) = 211*d. What is the units digit of n(2)?
2
Let s = -33 - -54. Let m be (-90)/(-70) + 2/s*-3. What is the tens digit of (m - 2)/(-3) - 164/(-3)?
5
Let y be -1*(0 - 8863 - -2) + 4. Suppose -11837 = -4*c - 6*d + 5*d, y = 3*c + 5*d. Suppose -7*n + c = 3*n. What is the tens digit of n?
9
Suppose -2*c + 181 - 33 = 0. Let k = c - 79. What is the tens digit of 146 + ((-3)/k)/(3/15)?
4
What is the units digit of 193068/4 - (2 + -3)/((-1)/(-3))?
0
Suppose 2 = -m, 2*s + 7*m - 92 = 3*m. What is the hundreds digit of 514/4*(s + -40)?
2
Suppose 5*t + 18 = -x, 0 = -3*t - 7 - 5. What is the tens digit of ((-48)/x)/((-1484)/164 + 9)?
9
Let r be 1/(-3) + 7/(-42)*-25706. What is the tens digit of 1*-6 - r/(-51)?
7
Suppose 4*c = 5*c - 30. Suppose 3*p = 3*q + 18, -4*p + c + 12 = 5*q. What is the tens digit of (-14 + 12)/((p/(-38))/2)?
1
Let w(a) = a**3 - a**2 + 7*a + 4555. What is the hundreds digit of w(0)?
5
Suppose 313*d = 289*d + 159912. What is the tens digit of d?
6
Let z(j) = -j**3 + j**2 + j + 4. Suppose -l = -2 - 0. Let q be z(l). Suppose q*f = -w + 242, 3*w = -3*f + 234 + 132. What is the hundreds digit of f?
1
Let d = -523 - -531. Suppose d*x - 3*x - 6772 = k, 2*k + 4066 = 3*x. What is the units digit of x?
4
Let n(z) = -32*z - 58. Let r be n(-26). Let s = -435 + r. What is the units digit of s?
9
Let i(q) = q**3 - 43*q**2 - 263*q - 447. What is the thousands digit of i(58)?
4
Suppose 24*d + 6349 = -6707. Let f = 930 + d. What is the tens digit of f?
8
Let s(u) = -2*u**3 - 6*u**2 + 3. Let l be s(-3). Suppose 2*q = -4*c + 82, 2*c + 2*q - 104 = -l*c. Suppose -v = v - c. What is the units digit of v?
1
Suppose 80*c - 1639265 + 94040 = 25*c. What is the units digit of c?
5
Let o = -132 - -137. What is the hundreds digit of o + (-432)/(-3) + -3?
1
Let m be (24/36)/((-1)/18*-2). Suppose 3*l + 50 = 3*r + 4*l, 3*l - m = -r. Suppose 5*b = 6*b - r. What is the units digit of b?
8
Let j(k) be the third derivative of -5*k**4/8 + 13*k**3/6 - k**2. Let l = 7511 + -7514. What is the tens digit of j(l)?
5
Let v(z) = 22*z**2 - 7*z + 4. Suppose 5*b - 3*j + 0 = -90, -3*j - 15 = 0. Let h be (-3 - 51/b)/((-10)/35). What is the tens digit of v(h)?
7
Suppose 69*s + 2*s = 131700 + 93512. What is the units digit of s?
2
Let b(i) = 1403*i**2 + 10*i - 28. What is the thousands digit of b(3)?
2
Let n = -3185 + 3177. Suppose -5*f - 1913 = 2*x, -3*f + 4767 = -0*x - 5*x. What is the units digit of (x/(-24))/((-2)/n)?
9
Let i = -25047 - -73198. What is the tens digit of i?
5
Let t(p) be the third derivative of p**5/15 + 11*p**4/24 + 23*p**3/6 - 25*p**2. Let y be t(-6). Let k = y + 24. What is the tens digit of k?
2
Let k(b) = -b**2 - 21*b - 22. Let v be (3/(-4))/(3/(-20)). Suppose 4*p - v*r + 71 = -8, 3*p = -r - 45. What is the tens digit of k(p)?
5
Let v(m) = 3*m**2 + 36*m + 38. Let t be v(-21). Suppose -3*q + t = 2*q. What is the tens digit of q?
2
Let g(s) = 3*s**2 - 10*s - 26. Let m be g(-12). Suppose 4*k = -2*j + m, 4*j = 4*k - 3*k - 109. What is the hundreds digit of k?
1
Let g(p) = -p**3 - 8*p**2 - 2*p + 3. Let v be g(-8). Suppose -v = 2*a - 3*a. Suppose -a*o + 21*o = 128. What is the tens digit of o?
6
Let p = 3634 - -3537. What is the units digit of p?
1
Let y be 48/(-128) - 5594/16. Let x = y - -531. What is the hundreds digit of x?
1
Let k = 105 + -86. Let c = k - 7. What is the units digit of (3/c)/((-1)/(-724))?
1
Let w(x) = x**3 - 4*x**2 + 6*x + 3. Let r be w(3). Suppose r*p - 15*p + 3 = 0. What is the units digit of (453/(-3))/(p - 2)?
1
Suppose 0 = -32*s - 29872 + 244528. What is the thousands digit of s?
6
Suppose -3*g = 4*n - 42038, -g + 4*n = 2*n - 13996. What is the tens digit of g?
0
Suppose 7*j - 15258 - 1318 = 0. What is the tens digit of j?
6
Suppose 208275 = -6*u + 3*s, -3*u - 146667 = 3*s - 42552. What is the units digit of 4 + u/(-24) - 6/24?
0
Let j be (-428)/(-12) - (-6)/18. Let t be ((-3)/j*-4)/((-2)/(-2562)). Let c = t - 284. What is the tens digit of c?
4
Let x = -4 - -9. Suppose -4*v - 20 = 4*d + d, -4*d - 25 = x*v. Suppose d = -2*p + 43 + 25. What is the tens digit of p?
3
Let j = -5176 - -10896. What is the thousands digit of j?
5
Let g = 1841 + 675. What is the hundreds digit of (-1)/(7544/g - 3)?
6
Let n(h) = 13*h**2 + 24*h - 76. Let z(w) = 11*w**2 + 23*w - 77. Let r(j) = -5*n(j) + 6*z(j). What is the hundreds digit of r(24)?
9
What is the units digit of (-9 + 330/36)/(((-35)/(-1502382))/5)?
1
Suppose -4*k + 7*k = 6. Suppose -f + 5*o + 5 = -2*f, k*o = -4*f - 2. Suppose f = -3*b + b + 92. What is the tens digit of b?
4
Suppose 6*s + 26 = 74. Suppose 3*d + s*d = 33. Suppose -d = -u + 10. What is the units digit of u?
3
Let q = -40 + 27. 